 What is the highest common divisor of t and 2933?
7
Let g be (0 - 1062/(-15))*(-90)/(-27). Let r = g - 224. What is the highest common divisor of 81 and r?
3
Let n(y) = y**3 - 5*y**2 - 3*y - 8. Let r be n(6). Suppose -3*l - 8*t + r*t = -116, -25 = -5*t. Calculate the highest common divisor of l and 399.
21
Suppose 0 = 7*h + 12 - 47. Let p be (-696)/435*(h*4)/(-1). Suppose -v = -2*r, -6*v = -v + 4*r - 28. Calculate the greatest common factor of p and v.
4
Suppose 0 = -2*v - 2*r + 12, 0 = -v + 3*v + 5*r - 6. Suppose -90 = v*s - 13*s - m, -2*s = m - 36. What is the greatest common divisor of s and 27?
9
Suppose -9*n + 1104 = 3*n. Let k be ((5 - 9) + -65)/(1 - 48/30). Calculate the highest common divisor of k and n.
23
Let b(p) = p**2 - 8*p - 12. Let m be b(9). Let y = 27 + m. Suppose -64 = -u - 7*u. What is the highest common divisor of u and y?
8
Suppose -3*m + 161 = -3*t - 31, 284 = 5*m + 4*t. Calculate the greatest common factor of 27 and m.
3
Suppose -4*j + 5*d = -1327, -j - 53*d + 334 = -55*d. Calculate the highest common divisor of 1 and j.
1
Let f be 108 - ((-15)/(-5) - -1). Let r be (f/(-20))/((-2)/(-10)). Let k = r + 38. Calculate the highest common divisor of k and 8.
4
Let d(j) = 2*j**3 - 105*j**2 - 36*j + 176. Let k be d(54). Calculate the highest common divisor of 100 and k.
20
Let u(q) = 5*q**2 - 2*q - 2. Let v be u(-1). Let i be (-659)/(-2) - v/10. What is the greatest common divisor of i and 47?
47
Let m(a) = 398*a - 2815. Let b be m(8). What is the greatest common divisor of 243 and b?
9
Let f be (13/(-11) + (-6)/(-33))/(2/(-2)). What is the highest common factor of f and 1663?
1
Let u = -275 + 397. Suppose 9*t - 49 + 345 = 5*m, -56 = -m + 5*t. Calculate the highest common divisor of m and u.
61
Suppose -30*d - 147*d + 7020 = 18*d. What is the highest common divisor of d and 267?
3
Let x = 14 + 1. Let c(i) = -26*i + 16. Let h be c(-4). What is the highest common divisor of x and h?
15
Let q(x) = 26*x**2 - 120*x + 25. Let u be q(5). What is the greatest common divisor of 5025 and u?
75
Suppose -8 = -2*n - 0*n. Let u be ((-48)/5)/(-1 + (-85)/(-100)). Suppose -r = q - 12, -q = 3*q - n*r - u. Calculate the highest common divisor of q and 98.
14
Let s be (4/(-1))/((-2)/24). Let v(u) = -14*u - 46. Let a be 15/(-12)*20/5. Let j be v(a). What is the highest common divisor of s and j?
24
Suppose 19*t = 21*t + 5*b - 9184, 13790 = 3*t + 4*b. What is the highest common factor of 1416 and t?
354
Let n(r) be the second derivative of r**5/20 + 25*r**4/12 + 4*r**3 + 4*r**2 - 3*r - 9. Let v be n(-24). Calculate the greatest common factor of 20 and v.
4
Let t = -62 - -618. What is the greatest common factor of 36 and t?
4
Suppose -l + 6*m = 7*m - 47, 4*l = 4*m + 148. Suppose -7 = -9*b + 425. Calculate the highest common factor of l and b.
6
Let d(w) = -w**3 - 7*w**2. Let f be d(-7). Suppose 3*t - 37 - 5 = f. Let k be -1 - 364/(-104)*24/28. Calculate the highest common factor of t and k.
2
Let n(j) = 282*j + 1997. Let z be n(-6). Calculate the highest common factor of z and 200.
5
Let u(l) = -l**2 + 28*l + 172. Let k be u(-5). What is the highest common factor of k and 161?
7
Let y(q) = 10*q + 11*q - 3 - 22 + 0*q. Let v be y(5). What is the highest common factor of 880 and v?
80
Let q = -104 + 105. Let v = -47 + 49. Suppose 4*h + 3*b - 43 = 0, v*h = -0*h - 2*b + 20. Calculate the highest common divisor of h and q.
1
Let z be (-18)/(-21) + 2 + -3 - 2074/(-14). What is the greatest common divisor of z and 2368?
148
Suppose 2*v = -5 - 5, 0 = 5*f - v - 110. Let i(g) = g**2 + g + 12. Let w be i(-6). Let o be (63/6 + -6)*w. Calculate the greatest common divisor of f and o.
21
Let j = 2 - 8. Let s(q) = -q + 2. Let w be s(j). Let a be (1 - 3 - -10) + 126/(-13 - 8). What is the highest common factor of w and a?
2
Let h(a) = -15*a - 7. Let x be h(-5). Suppose 0 = -f + x + 95. Suppose 0 = -5*t + f + 27. What is the highest common factor of 95 and t?
19
Let l = -98990 - -144824. What is the highest common divisor of l and 6?
6
Suppose -30*b + 2505 - 505 = -5*b. Calculate the highest common factor of 544 and b.
16
Let m(k) = -763*k + 769. Let w be m(1). What is the greatest common divisor of 1527 and w?
3
Suppose 2*i = -4*o + 3*i - 990, 5*o + 1243 = 4*i. Let f = o + 291. Calculate the highest common factor of 12 and f.
4
Let m(z) = -4*z**3 - 58*z**2 + 24*z - 41. Let i be m(-15). What is the highest common divisor of 133 and i?
7
Let q be ((-5)/(-2))/((-401)/(-141954)). What is the highest common divisor of q and 20?
5
Suppose 58*l - 124178 - 59741 = 108923. Calculate the greatest common factor of l and 612.
153
Let t = 11 - 3. Suppose -2*a = -5*i + 790, -4*i + 615 = 3*a - t*a. Let k = 46045 + -46025. Calculate the greatest common factor of i and k.
20
Suppose -112 = -3*v + v. Let y = -218 - -218. Suppose y = -a + 3 + 11. Calculate the greatest common factor of a and v.
14
Suppose 3*h + 4*c = 424, -2*c = 5*h - 3*c - 722. Suppose -p + 9*p = h. Let w(t) = 4*t**2 - 2*t. Let n be w(-4). What is the highest common divisor of p and n?
18
Let w be (-2)/8 - 567/(-28). Suppose -4*f - 20 = 0, 2*f = r - 2*f + 31. Let j = 109 - r. Calculate the greatest common divisor of w and j.
20
Let x be (21 - (7 + 15))*-18. Suppose 5*w - 4*y = -3*y + 1711, 3*w = 4*y + 1030. Calculate the highest common divisor of x and w.
18
Let s be (-3)/(-4) - 106/(-8). Suppose 0 = s*j + 19 - 75. Let l be j + (4 - -1) + (-8)/(-2). What is the greatest common divisor of 299 and l?
13
Suppose 3*m - 3 = 6, -31 = -5*p + 3*m. Let j(d) = d**2 - 12*d + 48. Let u be j(7). Suppose -u*n = -p*n - 310. Calculate the greatest common divisor of n and 93.
31
Suppose -2*t - 3*t - 64 = -3*z, 0 = -2*t - 4. Let l(h) = 6*h**2 - 2*h + 1. Let a be l(2). Suppose -3 - a = -b. Calculate the greatest common divisor of z and b.
6
Let r(u) = 119*u**2 + 17*u - 1. Let x be r(1). Calculate the highest common factor of x and 1080.
135
Suppose 4*g + 3 = 4*k + 11, 0 = -4*g - 2*k + 20. Suppose 5*z = f + 38, 0*z = -z - g*f - 5. What is the greatest common factor of 1 and z?
1
Let h be (-5*(-38)/190)/(-4*2/(-48)). Suppose 4*a - 5*c - 1723 = 0, 0 = -2*a + c + 101 + 762. Calculate the greatest common factor of h and a.
6
Let w(r) = -3*r**3 - r**2 - 2*r - 2. Let l be w(-1). Suppose 8*d - 25 = 3*d, -5*x + l*d = -175. What is the greatest common divisor of 148 and x?
37
Suppose 1860 = -51*a + 15654 + 23691. Calculate the greatest common factor of a and 60.
15
Let m = 5677 + -5676. Suppose -2*f = -4*y - f + 126, 0 = -3*y + f + 94. Calculate the greatest common divisor of y and m.
1
Suppose 0 = 3*a - 4*g - 204, -4*a + 3*g = -2*g - 273. Let r be (108/a)/((-2)/(-32)*3). What is the highest common divisor of r and 40?
8
Suppose 16921*h - 16893*h = 392. Let r be -4 - -2*(-1)/2. Let k(i) = i**2 + 3*i + 4. Let o be k(r). Calculate the highest common divisor of o and h.
14
Let i(u) = 349*u - 2508. Let p be i(22). Calculate the highest common divisor of p and 110.
110
Suppose 147*q = 1069670 + 393462 + 659548. Calculate the highest common factor of q and 114.
38
Suppose 3*w = g, 1 = -g + 2*g - 2*w. Suppose g*t - q = 208, -q - 2 + 4 = 0. Let k = -35 + t. Calculate the highest common factor of 70 and k.
35
Let r(y) be the second derivative of -y**5/10 - 7*y**4/4 - 7*y**3/3 - 5*y**2/2 + 120*y. Let t be r(-10). Calculate the highest common divisor of t and 105.
35
Let l be (2100/80)/((-6)/(-1952)). What is the highest common divisor of 5 and l?
5
Suppose 12*v = 4*v + 17784. Suppose 4*w = -5*f + v, -f + 1644 = 3*w - 5*f. Calculate the greatest common divisor of w and 24.
24
Let h be (8/3)/((-794)/(-3573)). What is the highest common divisor of h and 100?
4
Suppose -2*j + 3780 = -6*j + 13*j. Calculate the greatest common factor of j and 84.
84
Let x be 18772/19 - (1 + 17). Calculate the greatest common divisor of x and 1261.
97
Suppose 537*i - 210*i + 1914 - 12378 = 0. Suppose -3*u + 15 = -0. Suppose -4*r + u*r - 8 = 0. Calculate the highest common divisor of r and i.
8
Let n(g) be the second derivative of -g**3/6 + 25*g**2/2 - 16*g. Let c be n(14). Let w be c - (-3 - -4 - 5). What is the greatest common factor of 15 and w?
15
Let f be 48/60*(-95)/(-2). Suppose -4*c - 2*l = -f, -c + 5*l + 0*l + 4 = 0. Suppose 1224 = 44*s - 36*s. What is the greatest c